 - 134 = -3*o, 4*x - 2*x + 170 = 4*o. Calculate the remainder when o is divided by (2 - 46)*3/(-12).
10
Let j = 438 - 375. Calculate the remainder when j is divided by 5.
3
Calculate the remainder when (-4 - -47) + (8 - 10) is divided by 23.
18
Let o(g) = -1 + 7*g**2 + 2 - 5*g + 2*g - 2*g - g**3. Let l(p) = -p**3 + 4*p**2 - 2*p + 1. Let b be l(3). What is the remainder when 115 is divided by o(b)?
28
Suppose 0 = -3*q + 12 + 12. Let a be -2*(-1 - 12/(-8))*7. Let b = 16 - a. Calculate the remainder when b is divided by q.
7
Let i(n) = -3*n + 144. Suppose 0 = -6*h + 4*h + 20. Calculate the remainder when i(32) is divided by h.
8
Let k be (1 - -2)*(-4)/(-3). Suppose -5*r - 2*g + 39 = -3*g, 2*r = k*g + 12. Suppose -13*c + 27 + 12 = 0. Calculate the remainder when r is divided by c.
2
Suppose 2*h + 4*u = 18, -7*h = -2*h + 2*u - 61. Let s = 264 - 152. Suppose 3*c = -4*y + s, 0 = 2*y + 3 - 5. Calculate the remainder when c is divided by h.
10
Suppose 0 = 4*l + 3*n, -3*n + 8*n = 5*l. Suppose -w + 3*c + 53 = l, -2*c - 311 = -4*w - 69. What is the remainder when w is divided by 16?
14
Let d(l) = -4*l - 31. Suppose -2 = j, -5*j + 28 = -3*s - j. Calculate the remainder when 82 is divided by d(s).
14
Let t be 3/((-3)/2) - -350. Let a = t - 185. Calculate the remainder when a is divided by 41.
40
Suppose 5*t = -9*t + 672. Calculate the remainder when 522 is divided by t.
42
Let x(l) = 13*l**2 + 15*l + 5. What is the remainder when 51 is divided by x(-2)?
24
Let v(i) = 6*i**2 - 5*i - 3. Let u(g) = -2*g**3 - 7*g**2 - 17*g - 28. Calculate the remainder when v(-3) is divided by u(-3).
10
Suppose 716 = 7*q - 47. What is the remainder when 1198 is divided by q?
108
Let y be 39/15 + 3/((-15)/(-2)). Suppose -b = d - 42, -y*d + 2*d + 5*b = -42. Let x = 29 + -14. Calculate the remainder when d is divided by x.
12
Let z(y) = 19*y**3 + y. What is the remainder when (0 + -3)*1 + -1 + 79 is divided by z(1)?
15
Suppose -48 = -3*j - i + 686, 3*j = -4*i + 749. What is the remainder when j is divided by 35?
33
Suppose -380 = 4*k - 9*k. Suppose 11*p - k = 7*p. Calculate the remainder when 34 is divided by p.
15
What is the remainder when 5/(-4 + 9/3) + 446 is divided by 6?
3
Suppose 2*r + 3*r = 0. Let n be (-6 + 5 - -1) + (-1 - -4). Suppose r = -n*d - 2*d + 30. What is the remainder when 9 is divided by d?
3
What is the remainder when 60 - ((1 - 2) + 0) is divided by 38?
23
Suppose 0 = 3*w - 33 - 63. What is the remainder when w/8*(-26)/(-4) is divided by 7?
5
Let p = 160 + -28. Suppose 5*b - 23 = p. What is the remainder when b is divided by (1 + -17)*(-3)/3?
15
Let v(r) = -3*r**2 - 19*r - 19. Let x(t) = 16*t**2 + 96*t + 95. Let p(m) = 11*v(m) + 2*x(m). Calculate the remainder when p(-13) is divided by 12.
9
Let d = 15 + -9. Let h = -24 + 29. Let z(s) = s + 12. What is the remainder when z(h) is divided by d?
5
Suppose 2*r - 1176 = 982. Calculate the remainder when r is divided by 136.
127
Let t = -243 + 441. Calculate the remainder when t is divided by 64.
6
Let y(c) = c - 3 - 3*c**3 - 4*c - 3 - 6*c**2 + 2*c**3. Let n be y(-6). Calculate the remainder when 61 is divided by 22 - 3*4/n.
19
Let l(m) = -m + 27. Suppose 2*g - 4 = 4. Suppose -g*n = -105 - 59. What is the remainder when n is divided by l(13)?
13
Let q = 149 + -153. What is the remainder when 82 is divided by (-120)/q*4/10?
10
Let d = 98 + -91. Suppose d*p - 54 - 86 = 0. What is the remainder when 77 is divided by p?
17
Let q = -95 - -56. Calculate the remainder when 6/(-39) + (-2307)/q is divided by 15.
14
Let f = 19 - -9. Suppose 227*m - 204*m = 1150. Suppose 3*z - f = m. Calculate the remainder when 75 is divided by z.
23
Suppose 16 - 1 = 3*x. Calculate the remainder when (((-16)/(-8))/4)/(3/78) is divided by x.
3
Calculate the remainder when 206 is divided by 45 + 2/(-2) + -7.
21
Let j = 104 - 70. Let p(q) = -3*q - 6. Let b be (0 - (-88)/(-20)) + 3/(-5). What is the remainder when j is divided by p(b)?
7
Suppose -3*c = -5*c + 28. Let r(f) = 3*f**2 - 45*f + 38. Let z be r(18). Suppose z = 8*n - 0*n. Calculate the remainder when n is divided by c.
11
Suppose -2*k = -4*p - 4*k + 356, -5*k - 78 = -p. What is the remainder when p is divided by (-1 - 0)/(17/(-17))*15?
13
Suppose -4077 = -36*o + 9*o. What is the remainder when o is divided by 14?
11
Suppose -5*j + j = -88. Let b(v) = -v**2 + 8*v - 23. Let z(p) = -4*p + 12. Let k(f) = -3*b(f) - 5*z(f). Calculate the remainder when k(5) is divided by j.
20
Suppose 0 = 2*s + 689 - 695. Calculate the remainder when 358 is divided by s.
1
Let i(y) = 2*y**3 - 8*y**2 + 7*y + 8. Let q be i(4). Calculate the remainder when ((-387)/q)/(2/(-24)) is divided by 22.
19
Suppose 2*d - 67 = -5*g, -4*g + 23 + 3 = d. What is the remainder when d is divided by 6?
4
Let r(j) = -66*j**3 + 4*j - 3. Let s be r(1). Let q = s - -81. Calculate the remainder when 41 is divided by q.
9
Let u(a) = -a**2 - 26*a + 23. Suppose -x + 0*b + 4 = b, 0 = -3*x - 4*b + 14. Suppose x*n - 43 = n. Calculate the remainder when n is divided by u(-26).
20
Let f = -54 + 85. Let i = -47 + 26. Let s = f + i. Calculate the remainder when s is divided by 6.
4
Let s be (-111)/(-21) + (-2 - (-36)/21). Calculate the remainder when 47*(-2 - -3)*1 is divided by (1/(s/32))/((-18)/(-45)).
15
Let m(r) = r**3 - 6*r**2 - 9*r - 3. Let j(y) = -2*y - 32. Let c be j(-20). What is the remainder when 158 is divided by m(c)?
52
Let q(m) = -2*m**2 + 13*m + 10. Let s be q(7). Let t(y) = 3*y**3 + 2*y**2 + y. What is the remainder when t(2) is divided by 0 + (s - -2)*36/10?
16
What is the remainder when 261 is divided by (-6)/4 - 903/(-14)?
9
Let d(c) = 5*c + 7. Let f be d(-8). Let p = -657 - -283. Calculate the remainder when (-3)/(-2)*p/f is divided by 9.
8
Let x(g) = 7 + 8*g - 2 - 8. Calculate the remainder when x(5) is divided by 5.
2
Let o = 82 + -79. Suppose 4*f - b - 93 = 4, 0 = 5*b - 15. Let j = f - o. What is the remainder when 65 is divided by j?
21
Let f(n) = 4*n**2 + 4. Let m be (4/(-3))/((-14)/(-3) + -4). Calculate the remainder when 36 is divided by f(m).
16
Suppose -7*h + 52 = -3*h - 3*g, -3*h = 2*g - 22. Calculate the remainder when 2 + (243/21 - 4/7) is divided by h.
3
Suppose 92*a - 1490 = -57*a. Let i(z) = 37*z. Calculate the remainder when i(1) is divided by a.
7
Suppose 10*d - 52 = 138. Calculate the remainder when 1403 is divided by d.
16
Let s(i) = 25*i + 35. Let q be s(6). Suppose -l + q = -2*r + r, -3*l + 543 = 3*r. What is the remainder when l is divided by 37?
35
Suppose -14*t + 253 = -251. Calculate the remainder when t is divided by 21.
15
Let y = -2486 + 2589. What is the remainder when y is divided by 56?
47
Let x = -33 + 70. Let v = 13622 - 13612. Calculate the remainder when x is divided by v.
7
Suppose -26*h = -29*h + 9. Suppose -4*s - h + 53 = 2*k, -3*s - 3*k + 36 = 0. Let a = -26 - -75. What is the remainder when a is divided by s?
10
Let f(w) = 17*w**2 + 4*w + 3. Let a = -87 - -86. Calculate the remainder when f(a) is divided by 3.
1
Calculate the remainder when (88/(-6) - -2)*-3 is divided by (-16)/(-4) - (18 - 28).
10
Suppose 5*h = 17*x - 14*x - 61, x - 4*h - 11 = 0. Suppose 3*j + 2*b - 3*b - 20 = 0, -4*j = -5*b - 34. Calculate the remainder when x is divided by j.
3
Suppose -8*x = -12*x - 4. Suppose -3*y - 4*o = -41, 47 = 5*y + o - 5*o. Calculate the remainder when (-30)/(-45) - ((-128)/6 - x) is divided by y.
10
Let z(h) = 40*h - 135. Calculate the remainder when z(4) is divided by 15.
10
Let p(v) = -5*v + 17. Calculate the remainder when p(0) is divided by 7.
3
Suppose 3*i = 5*s + 421, -5*i + 3*s - s = -689. Calculate the remainder when i is divided by 4.
1
Let s(o) = 2*o - 38. Calculate the remainder when 20 is divided by s(23).
4
Let c = -4 - -48. What is the remainder when 172 is divided by c?
40
Suppose 0 = -3*p + 4*h + 53, 3*h - 13 = -1. What is the remainder when 63 is divided by p?
17
Let s = -127 - -113. Calculate the remainder when 167 is divided by (-1)/((-7)/s)*(-17)/2.
14
Let v be 2 - (0 + (2 - 2)). Let m(j) = -j + 4. Let i be m(v). Suppose 0 = -l + i*o + 10, -29 = -2*l - 3*o + 4*o. What is the remainder when l is divided by 6?
4
Let g be (-2 - -180) + 4 + 2. Let m = 312 - g. What is the remainder when m is divided by 33?
29
Let a(o) = -261*o**3 + 4*o**2 - o - 4. Calculate the remai